{"id":128,"date":"2011-11-18T01:53:56","date_gmt":"2011-11-18T01:53:56","guid":{"rendered":"http:\/\/www.signosis.openworks.gr\/wastereuse\/?page_id=128"},"modified":"2013-10-17T13:45:33","modified_gmt":"2013-10-17T13:45:33","slug":"action-3-development-of-alternative-agricultural-practices-lab-experiments-spain","status":"publish","type":"page","link":"https:\/\/it.wastereuse.eu\/?page_id=128","title":{"rendered":"Azione 3: Sviluppo di pratiche agricole alternative &#8211; Esperimenti di laboratorio (Spagna)"},"content":{"rendered":"<p>Beneficiario Responsabile: <span style=\"text-decoration: underline;\">Centro de Edafolog\u00eda y Biolog\u00eda Aplicada del Segura<\/span><\/p>\n<p>La terza fase comprende esperimenti di laboratorio necessari a valutare la lavorazione dei rifiuti solidi (compost) e delle acque di scarico ottenute da diverse tecnologie sviluppate fino ad adesso: la valutazione prender\u00e0 in considerazione la loro capacit\u00e0 di contribuire al miglioramento della produzione e della qualit\u00e0 delle colture, e la loro potenziale influenza sulle propriet\u00e0 del suolo. Infine, il beneficiario responsabile potr\u00e0 proporre nuovi metodi di coltivazione per alcune colture chiave in Spagna, quali ortaggi e cereali.<\/p>\n<p>Questa terza fase comprende le seguenti attivit\u00e0:<\/p>\n<ol>\n<li><span style=\"text-decoration: underline;\">Valutazione delle propriet\u00e0 dei rifiuti solidi e delle acque di scarico<\/span> per quanto riguarda il loro effetto sul suolo e sulla crescita delle piante. Saranno portati avanti diversi esperimenti di laboratorio per considerare gli effetti dei rifiuti applicati sul suolo a scopo agricolo. Si prenderanno in considerazione diversi tipi di terreno e diversi rapporti di applicazione per coprire quanti pi\u00f9 casi possibili in Spagna e nei Paesi del Mediterraneo. Per quanto riguarda il rapporto di applicazione, dal momento che i casi sono molto numerosi, gli scienziati si concentreranno su coltivazioni pilota (ortaggi e cereali) selezionate tra le pi\u00f9 comuni tra quelle coltivati in Spagna e che saranno poi usate per la fase di dimostrazione.<\/li>\n<li><span style=\"text-decoration: underline;\">Sviluppo di nuovi metodi di coltivazione.<\/span> I risultati ottenuti dopo la valutazione saranno usati per sviluppare specifiche pratiche agricole per le colture pi\u00f9 comuni coltivate in Spagna. La composizione chimica di rifiuti trattati e non trattati, gli effetti sulle propriet\u00e0 del suolo e sulla crescita delle piante, i fattori di germinazione e i fabbisogni della coltivazione saranno considerati per sviluppare le nuove pratiche di coltivazione. Avranno un significato importante i risultati riguardanti la capacit\u00e0 dei diversi tipi di suolo di trattenere o di rilasciare sostanze nutritive aggiunte tramite irrigazione\/fertilizzazione con i rifiuti: questi ultimi risultati saranno considerati allo scopo di adattare\u00a0 di conseguenza le pratiche agricole e per evitare una fertilizzazione eccessiva, degradazione del suolo e perdita d&#8217;acqua.<\/li>\n<\/ol>\n<p>Anche i rifiuti non lavorati saranno saggiati in laboratorio, secondo i metodi tradizionali di applicazione seguiti dagli agricoltori, e anche questi risultati rientreranno nella valutazione.<\/p>\n<p>Il beneficiario spagnolo sar\u00e0 responsabile della raccolta e dell&#8217;uso dei rifiuti prodotti in Spagna.<\/p>\n","protected":false},"excerpt":{"rendered":"<p>Beneficiario Responsabile: Centro de Edafolog\u00eda y Biolog\u00eda Aplicada del Segura La terza fase comprende esperimenti di laboratorio necessari a valutare la lavorazione dei rifiuti solidi (compost) e delle acque di scarico ottenute da diverse tecnologie sviluppate fino ad adesso: la valutazione prender\u00e0 in considerazione la loro capacit\u00e0 di contribuire al miglioramento della produzione e della [&hellip;]<\/p>\n","protected":false},"author":1,"featured_media":0,"parent":35,"menu_order":0,"comment_status":"open","ping_status":"closed","template":"","meta":[],"_links":{"self":[{"href":"https:\/\/it.wastereuse.eu\/index.php?rest_route=\/wp\/v2\/pages\/128"}],"collection":[{"href":"https:\/\/it.wastereuse.eu\/index.php?rest_route=\/wp\/v2\/pages"}],"about":[{"href":"https:\/\/it.wastereuse.eu\/index.php?rest_route=\/wp\/v2\/types\/page"}],"author":[{"embeddable":true,"href":"https:\/\/it.wastereuse.eu\/index.php?rest_route=\/wp\/v2\/users\/1"}],"replies":[{"embeddable":true,"href":"https:\/\/it.wastereuse.eu\/index.php?rest_route=%2Fwp%2Fv2%2Fcomments&post=128"}],"version-history":[{"count":3,"href":"https:\/\/it.wastereuse.eu\/index.php?rest_route=\/wp\/v2\/pages\/128\/revisions"}],"predecessor-version":[{"id":288,"href":"https:\/\/it.wastereuse.eu\/index.php?rest_route=\/wp\/v2\/pages\/128\/revisions\/288"}],"up":[{"embeddable":true,"href":"https:\/\/it.wastereuse.eu\/index.php?rest_route=\/wp\/v2\/pages\/35"}],"wp:attachment":[{"href":"https:\/\/it.wastereuse.eu\/index.php?rest_route=%2Fwp%2Fv2%2Fmedia&parent=128"}],"curies":[{"name":"wp","href":"https:\/\/api.w.org\/{rel}","templated":true}]}}