{"id":152,"date":"2011-11-18T02:00:42","date_gmt":"2011-11-18T02:00:42","guid":{"rendered":"http:\/\/www.signosis.openworks.gr\/wastereuse\/?page_id=152"},"modified":"2013-10-16T13:01:38","modified_gmt":"2013-10-16T13:01:38","slug":"action-11-project-monitoring","status":"publish","type":"page","link":"https:\/\/it.wastereuse.eu\/?page_id=152","title":{"rendered":"Azione 11: Monitoraggio del progetto"},"content":{"rendered":"<p>Responsabile Beneficiario:\u00a0 <span style=\"text-decoration: underline;\">Technical University, Crete<\/span><\/p>\n<p>Il Monitoraggio del Progetto durer\u00e0 48 mesi (ossia per l\u2019intera durata del progetto) e si avvarr\u00e0 di 5 elementi: Steering Committee, Monitoring Committee, Technical Committee, Dissemination Committee e Beneficiaries\u2019 Group Leaders (Fig. 2):<\/p>\n<p style=\"text-align: center;\"><img decoding=\"async\" class=\"aligncenter size-large wp-image-156\" title=\"image003\" src=\"https:\/\/it.wastereuse.eu\/wp-content\/uploads\/2011\/11\/image014.png\" alt=\"\" width=\"500\" \/>\n<\/p>\n<p>&#8211;\u00a0 <strong>Steering Committee (SC): <\/strong>\u00e8 il corpo decisionale e di arbitraggio ed \u00e8 responsabile per la strategia complessiva di progetto (supervisione e implementazione del programma di lavoro, revisione e valutazione dei risultati del progetto e attuazione delle tappe principali e degli obiettivi, valutazione dell&#8217;efficacia delle azioni del progetto e dell\u2019impatto ambientale supportate dalle relazioni della Steering Committee, attuazione di attivit\u00e0 appropriate in caso di cambiamento di programma, validazione delle relazioni, procedure da seguire, politiche di gestione delle nozioni). Il Comitato \u00e8 composto dai rappresentanti senior di ogni partner (Prof. K. Komnitsas, Dr. T. Hern\u00e1ndez, Dr. F. Tinivella, Dr. Luca Medini, Ms. E. Tavlaki) che sono anche responsabili per la gestione delle proprie parti del progetto, ed \u00e8 presieduta dal coordinatore.<\/p>\n<p>&#8211;\u00a0 <strong>Monitoring Committee (MC): <\/strong>\u00e8 responsabile della supervisione del completamento dei protocolli di monitoraggio per ogni fase, deve controllare gli indicatori di monitoraggio e le risorse di verifica ed \u00e8 composta da tre membri, uno per ogni Paese, e sar\u00e0 presieduta da un Direttore di Monitoraggio &#8211; DM (Dr. M<sup>a<\/sup>.T.Hern\u00e1ndez \u2013 CEBAS). I tre membri hanno l&#8217;autorit\u00e0 per contattare personalmente il Direttore Tecnico e della Divulgazione e per raccogliere dati relativi all&#8217;implementazione delle fasi del progetto, dell\u2019efficacia della divulgazione, della realizzazione degli obiettivi come di tutti i dati riguardanti l&#8217;efficacia delle fasi del progetto e dell&#8217;impatto ambientale. Il DM fa capo alla MC e al Coordinatore, consulta i dati raccolti e propone strategie future.<\/p>\n<p>&#8211;\u00a0 <strong>Technical Committee (TC):<\/strong> \u00e8 composta dai Leader del Gruppo dei Beneficiari. Sar\u00e0 presieduta da un Direttore Tecnico (Dr. Federico Tinivella-CERSAA). Le responsabilit\u00e0 della TC includono: definizione, allocazione e supervisione di tutte le fasi e della loro messa in pratica, implementazione delle fasi secondo il calendario, presentazione dei risultati, convergenza delle tappe principali, completamento dei protocolli entro i termini e relazione alla e al Coordinatore. Per temi riguardanti il monitoraggio la TC fa capo alla MC. La TC potr\u00e0, se necessario, prendere decisioni strategiche per conto del progetto. La TC contatter\u00e0 spesso i Capi Gruppo per monitorare l&#8217;avanzamento, identificare eventuali problemi e prevedere misure correttive se necessarie.<\/p>\n<p>&#8211; <strong>Dissemination Committee (DC)<\/strong>: \u00e8 composta da un rappresentante per ognuno dei Beneficiari, che ha precedenti esperienze di divulgazione dei risultati di progetti. Sar\u00e0 presieduta dal Direttore di Divulgazione (Ms. Elena Tavlaki). La DC sar\u00e0 responsabile per la strategia complessiva di divulgazione, l&#8217;organizzazione e\u00a0 la progettazione di azioni di divulgazione portate avanti dai Beneficiari. La valutazione degli impatti della strategia su destinatari precisi, la valutazione dei dati divulgati, del sito internet, dell\u2019efficienza del lavoro di gruppo e lo sviluppo di collegamenti con le maggiori organizzazioni europee per ottimizzare la divulgazione. Inoltre, il Comitato Divulgazione preparer\u00e0 in cooperazione con il Responsabile Beneficiario della dodicesima Fase (Signosis Sprl) un \u201cPiano di Comunicazione post-LIFE\u201d per la divulgazione attiva dei risultati del progetto dopo il suo completamento.<\/p>\n<p><strong>&#8211; Beneficaries\u2019 Group Leaders<\/strong>: sono responsabili di una gestione finanziaria e tecnica coerente ed integrata, ma sono anche incaricati della pianificazione, del monitoraggio e del resoconto delle loro Fasi, e dell\u2019esecuzione complessiva e soddisfacente.<\/p>\n","protected":false},"excerpt":{"rendered":"<p>Responsabile Beneficiario:\u00a0 Technical University, Crete Il Monitoraggio del Progetto durer\u00e0 48 mesi (ossia per l\u2019intera durata del progetto) e si avvarr\u00e0 di 5 elementi: Steering Committee, Monitoring Committee, Technical Committee, Dissemination Committee e Beneficiaries\u2019 Group Leaders (Fig. 2): &#8211;\u00a0 Steering Committee (SC): \u00e8 il corpo decisionale e di arbitraggio ed \u00e8 responsabile per la strategia [&hellip;]<\/p>\n","protected":false},"author":1,"featured_media":0,"parent":35,"menu_order":0,"comment_status":"open","ping_status":"closed","template":"","meta":[],"_links":{"self":[{"href":"https:\/\/it.wastereuse.eu\/index.php?rest_route=\/wp\/v2\/pages\/152"}],"collection":[{"href":"https:\/\/it.wastereuse.eu\/index.php?rest_route=\/wp\/v2\/pages"}],"about":[{"href":"https:\/\/it.wastereuse.eu\/index.php?rest_route=\/wp\/v2\/types\/page"}],"author":[{"embeddable":true,"href":"https:\/\/it.wastereuse.eu\/index.php?rest_route=\/wp\/v2\/users\/1"}],"replies":[{"embeddable":true,"href":"https:\/\/it.wastereuse.eu\/index.php?rest_route=%2Fwp%2Fv2%2Fcomments&post=152"}],"version-history":[{"count":4,"href":"https:\/\/it.wastereuse.eu\/index.php?rest_route=\/wp\/v2\/pages\/152\/revisions"}],"predecessor-version":[{"id":283,"href":"https:\/\/it.wastereuse.eu\/index.php?rest_route=\/wp\/v2\/pages\/152\/revisions\/283"}],"up":[{"embeddable":true,"href":"https:\/\/it.wastereuse.eu\/index.php?rest_route=\/wp\/v2\/pages\/35"}],"wp:attachment":[{"href":"https:\/\/it.wastereuse.eu\/index.php?rest_route=%2Fwp%2Fv2%2Fmedia&parent=152"}],"curies":[{"name":"wp","href":"https:\/\/api.w.org\/{rel}","templated":true}]}}