{"id":252,"date":"2015-11-23T12:54:26","date_gmt":"2015-11-23T12:54:26","guid":{"rendered":"https:\/\/it.wastereuse.eu\/?page_id=252"},"modified":"2015-11-29T00:14:51","modified_gmt":"2015-11-29T00:14:51","slug":"fase-9-divulgazione","status":"publish","type":"page","link":"https:\/\/it.wastereuse.eu\/?page_id=252","title":{"rendered":"Azione 9: Divulgazione"},"content":{"rendered":"<p>I. Layman&#8217;s Report of WasteReuse<\/p>\n<p><a \n<iframe loading=\"lazy\" src=\"\/\/e.issuu.com\/embed.html#16787370\/31201791\" height=\"350\" width=\"400\" allowfullscreen=\"\" frameborder=\"0\"><\/iframe><\/a><\/p>\n<p>You can download the Report <a href=\"https:\/\/it.wastereuse.eu\/wp-content\/uploads\/2013\/09\/Layman\u00d4\u00c7\u00d6s-REPORT_ITALIAN.pdf\">here<\/a><\/p>\n<p>&nbsp;<\/p>\n<p>II. WasteReuse Cersaa video: explaining the project&#8217;s important objectives<\/p>\n<p><a \n<iframe loading=\"lazy\" src=\"https:\/\/www.youtube.com\/embed\/ccUfLAJK6do\" height=\"315\" width=\"530\" allowfullscreen=\"\" frameborder=\"0\"><\/iframe><\/a><\/p>\n<p>&nbsp;<\/p>\n<p>III.\u00a0Wastereuse Project &#8211; Video broadcasted in Italy on 25\/02\/2012<\/p>\n<p><a \n<iframe loading=\"lazy\" src=\"https:\/\/www.youtube.com\/embed\/WfWdYKWpWik\" height=\"315\" width=\"560\" allowfullscreen=\"\" frameborder=\"0\"><\/iframe><\/a><\/p>\n<p>&nbsp;<\/p>\n<p>IV. WasteReuse Video<\/p>\n<p><a \n<iframe loading=\"lazy\" src=\"https:\/\/www.youtube.com\/embed\/K18uQCuF4lk\" height=\"315\" width=\"560\" allowfullscreen=\"\" frameborder=\"0\"><\/iframe><\/a><\/p>\n<p>&nbsp;<\/p>\n","protected":false},"excerpt":{"rendered":"<p>I. Layman&#8217;s Report of WasteReuse<\/p>\n","protected":false},"author":1,"featured_media":0,"parent":177,"menu_order":90,"comment_status":"open","ping_status":"closed","template":{"width":3264,"height":2448,"file":"2013\/12\/IMG_2688.jpg","sizes":{"thumbnail":{"file":"IMG_2688-150x150.jpg","width":150,"height":150,"mime-type":"image\/jpeg"},"medium":{"file":"IMG_2688-300x225.jpg","width":300,"height":225,"mime-type":"image\/jpeg"},"large":{"file":"IMG_2688-1024x768.jpg","width":1024,"height":768,"mime-type":"image\/jpeg"}},"image_meta":{"aperture":2.3999999999999999,"credit":"","camera":"iPhone 4S","caption":"","created_timestamp":1382720399,"copyright":"","focal_length":"4.28","iso":"50","shutter_speed":"0.003030303030303","title":""}},"meta":[],"_links":{"self":[{"href":"https:\/\/it.wastereuse.eu\/index.php?rest_route=\/wp\/v2\/pages\/252"}],"collection":[{"href":"https:\/\/it.wastereuse.eu\/index.php?rest_route=\/wp\/v2\/pages"}],"about":[{"href":"https:\/\/it.wastereuse.eu\/index.php?rest_route=\/wp\/v2\/types\/page"}],"author":[{"embeddable":true,"href":"https:\/\/it.wastereuse.eu\/index.php?rest_route=\/wp\/v2\/users\/1"}],"replies":[{"embeddable":true,"href":"https:\/\/it.wastereuse.eu\/index.php?rest_route=%2Fwp%2Fv2%2Fcomments&post=252"}],"version-history":[{"count":21,"href":"https:\/\/it.wastereuse.eu\/index.php?rest_route=\/wp\/v2\/pages\/252\/revisions"}],"predecessor-version":[{"id":413,"href":"https:\/\/it.wastereuse.eu\/index.php?rest_route=\/wp\/v2\/pages\/252\/revisions\/413"}],"up":[{"embeddable":true,"href":"https:\/\/it.wastereuse.eu\/index.php?rest_route=\/wp\/v2\/pages\/177"}],"wp:attachment":[{"href":"https:\/\/it.wastereuse.eu\/index.php?rest_route=%2Fwp%2Fv2%2Fmedia&parent=252"}],"curies":[{"name":"wp","href":"https:\/\/api.w.org\/{rel}","templated":true}]}}